{"id":146,"date":"2024-01-13T12:00:19","date_gmt":"2024-01-13T12:00:19","guid":{"rendered":"https:\/\/guglaw.at\/wordpress123\/?page_id=146"},"modified":"2025-03-05T19:53:43","modified_gmt":"2025-03-05T19:53:43","slug":"internationales-familienrecht","status":"publish","type":"page","link":"https:\/\/guglaw.at\/index.php\/rechtsgebiete\/internationales-familienrecht\/","title":{"rendered":"Internationales Ehe-, Scheidungs- und Familienrecht"},"content":{"rendered":"\n<figure class=\"wp-block-image aligncenter size-large is-resized is-style-rounded is-style-rounded--1\"><img loading=\"lazy\" decoding=\"async\" width=\"1024\" height=\"683\" src=\"https:\/\/guglaw.at\/wordpress123\/wp-content\/uploads\/2024\/01\/MiriamMehlman_20240119_StephanieGugler0492-1-1024x683.jpg\" alt=\"\" class=\"wp-image-379\" style=\"width:600px\" srcset=\"https:\/\/guglaw.at\/wp-content\/uploads\/2024\/01\/MiriamMehlman_20240119_StephanieGugler0492-1-1024x683.jpg 1024w, https:\/\/guglaw.at\/wp-content\/uploads\/2024\/01\/MiriamMehlman_20240119_StephanieGugler0492-1-300x200.jpg 300w, https:\/\/guglaw.at\/wp-content\/uploads\/2024\/01\/MiriamMehlman_20240119_StephanieGugler0492-1-768x512.jpg 768w, https:\/\/guglaw.at\/wp-content\/uploads\/2024\/01\/MiriamMehlman_20240119_StephanieGugler0492-1-1536x1024.jpg 1536w, https:\/\/guglaw.at\/wp-content\/uploads\/2024\/01\/MiriamMehlman_20240119_StephanieGugler0492-1.jpg 1920w\" sizes=\"auto, (max-width: 1024px) 100vw, 1024px\" \/><\/figure>\n\n\n\n<p class=\"has-text-align-justify\" style=\"margin-top:var(--wp--preset--spacing--30);margin-bottom:var(--wp--preset--spacing--30);font-size:clamp(0.929rem, 0.929rem + ((1vw - 0.2rem) * 0.785), 1.4rem);\"><strong>Internationale familienrechtliche Beratung in Wien \u2013 Ihr Rechtsbeistand bei grenz\u00fcberschreitenden Anliegen<\/strong><br><br>Familienrechtliche Angelegenheiten k\u00f6nnen besonders komplex werden, wenn internationale Aspekte hinzukommen. Wenn Sie beispielsweise mit Ihrem Kind ins Ausland ziehen m\u00f6chten oder verhindern m\u00f6chten, dass Ihr Kind ins Ausland verbracht wird, ist es wichtig, sich fr\u00fchzeitig juristisch beraten zu lassen, um Ihre Rechte zu sichern und internationale Regelungen zu beachten. Als erfahrene Familienrechtsanw\u00e4ltin in Wien stehe ich Ihnen zur Seite und helfe Ihnen, sich an die relevanten internationalen Bestimmungen zu halten, insbesondere das Haager Kindesentf\u00fchrungsabkommen (HK\u00dc), das in grenz\u00fcberschreitenden F\u00e4llen von zentraler Bedeutung ist.<br><br><strong>Beratung bei internationalen Eheschlie\u00dfungen und Umz\u00fcgen ins Ausland<\/strong><br><br>Falls Sie oder Ihr Partner unterschiedliche Staatsangeh\u00f6rigkeiten haben oder einen Umzug ins Ausland planen, kann ein Ehevertrag eine sinnvolle Option sein, um rechtliche Klarheit und Schutz zu gew\u00e4hrleisten. Als Anw\u00e4ltin mit Expertise im internationalen Familienrecht unterst\u00fctze ich Sie dabei, einen ma\u00dfgeschneiderten Vertrag zu erstellen, der Ihre individuellen Bed\u00fcrfnisse ber\u00fccksichtigt und die rechtlichen Bestimmungen der betroffenen L\u00e4nder einbezieht.<br><br><strong>Scheidung mit internationalem Bezug \u2013 Besondere rechtliche Anforderungen<\/strong><br><br>Eine Scheidung mit Auslandsbezug erfordert besondere Aufmerksamkeit, da sowohl die Zust\u00e4ndigkeit der Gerichte als auch die Anwendung des jeweiligen nationalen Rechts oder EU-Rechts ber\u00fccksichtigt werden m\u00fcssen. Wenn Verm\u00f6genswerte im Ausland vorhanden sind, k\u00f6nnen zus\u00e4tzliche rechtliche Herausforderungen entstehen. Ich unterst\u00fctze Sie, die richtigen rechtlichen Schritte zu unternehmen, um Ihre Interessen in einer internationalen Scheidung zu wahren.<br><br><strong>Beratung in mehreren Sprachen<\/strong><br><br>Ich biete Ihnen rechtliche Beratung in Deutsch, Spanisch und Englisch an, um sicherzustellen, dass Sie in allen rechtlichen Aspekten umfassend und verst\u00e4ndlich unterst\u00fctzt werden. Vertrauen Sie auf meine Erfahrung, um Ihre internationalen familienrechtlichen Anliegen erfolgreich zu regeln.<br><br><strong>Kontaktieren Sie mich f\u00fcr eine umfassende Beratung!<\/strong><br><\/p>\n\n\n\n<div class=\"wp-block-buttons is-content-justification-center is-layout-flex wp-container-core-buttons-is-layout-a89b3969 wp-block-buttons-is-layout-flex\">\n<div class=\"wp-block-button has-custom-font-size has-large-font-size\"><a class=\"wp-block-button__link has-base-2-color has-text-color has-background has-link-color wp-element-button\" href=\"https:\/\/guglaw.at\/index.php\/kontakt\/\" style=\"background-color:#e48444\">KONTAKT AUFNEHMEN<\/a><\/div>\n<\/div>\n","protected":false},"excerpt":{"rendered":"<p>Internationale familienrechtliche Beratung in Wien \u2013 Ihr Rechtsbeistand bei grenz\u00fcberschreitenden Anliegen Familienrechtliche Angelegenheiten k\u00f6nnen besonders komplex werden, wenn internationale Aspekte hinzukommen. Wenn Sie beispielsweise mit Ihrem Kind ins Ausland ziehen m\u00f6chten oder verhindern m\u00f6chten, dass Ihr Kind ins Ausland verbracht wird, ist es wichtig, sich fr\u00fchzeitig juristisch beraten zu lassen, um Ihre Rechte zu sichern [&hellip;]<\/p>\n","protected":false},"author":1,"featured_media":0,"parent":104,"menu_order":0,"comment_status":"closed","ping_status":"closed","template":"","meta":{"footnotes":""},"class_list":["post-146","page","type-page","status-publish","hentry"],"yoast_head":"<!-- This site is optimized with the Yoast SEO plugin v21.8.1 - https:\/\/yoast.com\/wordpress\/plugins\/seo\/ -->\n<title>Internationales Ehe-, Scheidungs- und Familienrecht - GUGLAW - Rechtsanwaltskanzlei<\/title>\n<meta name=\"description\" content=\"Erhalten Sie professionelle Beratung im internationalen Familienrecht in Wien: Umzug ins Ausland, Scheidung mit Auslandsbezug und Kindesentf\u00fchrung. Kontaktieren Sie mich!\" \/>\n<meta name=\"robots\" content=\"index, follow, max-snippet:-1, max-image-preview:large, max-video-preview:-1\" \/>\n<link rel=\"canonical\" href=\"https:\/\/guglaw.at\/index.php\/rechtsgebiete\/internationales-familienrecht\/\" \/>\n<meta property=\"og:locale\" content=\"de_DE\" \/>\n<meta property=\"og:type\" content=\"article\" \/>\n<meta property=\"og:title\" content=\"Internationales Ehe-, Scheidungs- und Familienrecht - GUGLAW - Rechtsanwaltskanzlei\" \/>\n<meta property=\"og:description\" content=\"Erhalten Sie professionelle Beratung im internationalen Familienrecht in Wien: Umzug ins Ausland, Scheidung mit Auslandsbezug und Kindesentf\u00fchrung. Kontaktieren Sie mich!\" \/>\n<meta property=\"og:url\" content=\"https:\/\/guglaw.at\/index.php\/rechtsgebiete\/internationales-familienrecht\/\" \/>\n<meta property=\"og:site_name\" content=\"GUGLAW - Rechtsanwaltskanzlei\" \/>\n<meta property=\"article:modified_time\" content=\"2025-03-05T19:53:43+00:00\" \/>\n<meta property=\"og:image\" content=\"https:\/\/guglaw.at\/wordpress123\/wp-content\/uploads\/2024\/01\/MiriamMehlman_20240119_StephanieGugler0492-1-1024x683.jpg\" \/>\n<meta name=\"twitter:card\" content=\"summary_large_image\" \/>\n<meta name=\"twitter:label1\" content=\"Gesch\u00e4tzte Lesezeit\" \/>\n\t<meta name=\"twitter:data1\" content=\"2\u00a0Minuten\" \/>\n<script type=\"application\/ld+json\" class=\"yoast-schema-graph\">{\"@context\":\"https:\/\/schema.org\",\"@graph\":[{\"@type\":\"WebPage\",\"@id\":\"https:\/\/guglaw.at\/index.php\/rechtsgebiete\/internationales-familienrecht\/\",\"url\":\"https:\/\/guglaw.at\/index.php\/rechtsgebiete\/internationales-familienrecht\/\",\"name\":\"Internationales Ehe-, Scheidungs- und Familienrecht - GUGLAW - Rechtsanwaltskanzlei\",\"isPartOf\":{\"@id\":\"https:\/\/guglaw.at\/#website\"},\"datePublished\":\"2024-01-13T12:00:19+00:00\",\"dateModified\":\"2025-03-05T19:53:43+00:00\",\"description\":\"Erhalten Sie professionelle Beratung im internationalen Familienrecht in Wien: Umzug ins Ausland, Scheidung mit Auslandsbezug und Kindesentf\u00fchrung. Kontaktieren Sie mich!\",\"breadcrumb\":{\"@id\":\"https:\/\/guglaw.at\/index.php\/rechtsgebiete\/internationales-familienrecht\/#breadcrumb\"},\"inLanguage\":\"de\",\"potentialAction\":[{\"@type\":\"ReadAction\",\"target\":[\"https:\/\/guglaw.at\/index.php\/rechtsgebiete\/internationales-familienrecht\/\"]}]},{\"@type\":\"BreadcrumbList\",\"@id\":\"https:\/\/guglaw.at\/index.php\/rechtsgebiete\/internationales-familienrecht\/#breadcrumb\",\"itemListElement\":[{\"@type\":\"ListItem\",\"position\":1,\"name\":\"Startseite\",\"item\":\"https:\/\/guglaw.at\/\"},{\"@type\":\"ListItem\",\"position\":2,\"name\":\"Rechtsgebiete\",\"item\":\"https:\/\/guglaw.at\/index.php\/rechtsgebiete\/\"},{\"@type\":\"ListItem\",\"position\":3,\"name\":\"Internationales Ehe-, Scheidungs- und Familienrecht\"}]},{\"@type\":\"WebSite\",\"@id\":\"https:\/\/guglaw.at\/#website\",\"url\":\"https:\/\/guglaw.at\/\",\"name\":\"GUGLAW - Rechtsanwaltskanzlei\",\"description\":\"\",\"publisher\":{\"@id\":\"https:\/\/guglaw.at\/#organization\"},\"potentialAction\":[{\"@type\":\"SearchAction\",\"target\":{\"@type\":\"EntryPoint\",\"urlTemplate\":\"https:\/\/guglaw.at\/?s={search_term_string}\"},\"query-input\":\"required name=search_term_string\"}],\"inLanguage\":\"de\"},{\"@type\":\"Organization\",\"@id\":\"https:\/\/guglaw.at\/#organization\",\"name\":\"GUGLAW - Rechtsanwaltskanzlei\",\"url\":\"https:\/\/guglaw.at\/\",\"logo\":{\"@type\":\"ImageObject\",\"inLanguage\":\"de\",\"@id\":\"https:\/\/guglaw.at\/#\/schema\/logo\/image\/\",\"url\":\"https:\/\/guglaw.at\/wp-content\/uploads\/2024\/01\/Header_Logo.png\",\"contentUrl\":\"https:\/\/guglaw.at\/wp-content\/uploads\/2024\/01\/Header_Logo.png\",\"width\":4967,\"height\":1043,\"caption\":\"GUGLAW - Rechtsanwaltskanzlei\"},\"image\":{\"@id\":\"https:\/\/guglaw.at\/#\/schema\/logo\/image\/\"}}]}<\/script>\n<!-- \/ Yoast SEO plugin. -->","yoast_head_json":{"title":"Internationales Ehe-, Scheidungs- und Familienrecht - GUGLAW - Rechtsanwaltskanzlei","description":"Erhalten Sie professionelle Beratung im internationalen Familienrecht in Wien: Umzug ins Ausland, Scheidung mit Auslandsbezug und Kindesentf\u00fchrung. Kontaktieren Sie mich!","robots":{"index":"index","follow":"follow","max-snippet":"max-snippet:-1","max-image-preview":"max-image-preview:large","max-video-preview":"max-video-preview:-1"},"canonical":"https:\/\/guglaw.at\/index.php\/rechtsgebiete\/internationales-familienrecht\/","og_locale":"de_DE","og_type":"article","og_title":"Internationales Ehe-, Scheidungs- und Familienrecht - GUGLAW - Rechtsanwaltskanzlei","og_description":"Erhalten Sie professionelle Beratung im internationalen Familienrecht in Wien: Umzug ins Ausland, Scheidung mit Auslandsbezug und Kindesentf\u00fchrung. Kontaktieren Sie mich!","og_url":"https:\/\/guglaw.at\/index.php\/rechtsgebiete\/internationales-familienrecht\/","og_site_name":"GUGLAW - Rechtsanwaltskanzlei","article_modified_time":"2025-03-05T19:53:43+00:00","og_image":[{"url":"https:\/\/guglaw.at\/wordpress123\/wp-content\/uploads\/2024\/01\/MiriamMehlman_20240119_StephanieGugler0492-1-1024x683.jpg"}],"twitter_card":"summary_large_image","twitter_misc":{"Gesch\u00e4tzte Lesezeit":"2\u00a0Minuten"},"schema":{"@context":"https:\/\/schema.org","@graph":[{"@type":"WebPage","@id":"https:\/\/guglaw.at\/index.php\/rechtsgebiete\/internationales-familienrecht\/","url":"https:\/\/guglaw.at\/index.php\/rechtsgebiete\/internationales-familienrecht\/","name":"Internationales Ehe-, Scheidungs- und Familienrecht - GUGLAW - Rechtsanwaltskanzlei","isPartOf":{"@id":"https:\/\/guglaw.at\/#website"},"datePublished":"2024-01-13T12:00:19+00:00","dateModified":"2025-03-05T19:53:43+00:00","description":"Erhalten Sie professionelle Beratung im internationalen Familienrecht in Wien: Umzug ins Ausland, Scheidung mit Auslandsbezug und Kindesentf\u00fchrung. Kontaktieren Sie mich!","breadcrumb":{"@id":"https:\/\/guglaw.at\/index.php\/rechtsgebiete\/internationales-familienrecht\/#breadcrumb"},"inLanguage":"de","potentialAction":[{"@type":"ReadAction","target":["https:\/\/guglaw.at\/index.php\/rechtsgebiete\/internationales-familienrecht\/"]}]},{"@type":"BreadcrumbList","@id":"https:\/\/guglaw.at\/index.php\/rechtsgebiete\/internationales-familienrecht\/#breadcrumb","itemListElement":[{"@type":"ListItem","position":1,"name":"Startseite","item":"https:\/\/guglaw.at\/"},{"@type":"ListItem","position":2,"name":"Rechtsgebiete","item":"https:\/\/guglaw.at\/index.php\/rechtsgebiete\/"},{"@type":"ListItem","position":3,"name":"Internationales Ehe-, Scheidungs- und Familienrecht"}]},{"@type":"WebSite","@id":"https:\/\/guglaw.at\/#website","url":"https:\/\/guglaw.at\/","name":"GUGLAW - Rechtsanwaltskanzlei","description":"","publisher":{"@id":"https:\/\/guglaw.at\/#organization"},"potentialAction":[{"@type":"SearchAction","target":{"@type":"EntryPoint","urlTemplate":"https:\/\/guglaw.at\/?s={search_term_string}"},"query-input":"required name=search_term_string"}],"inLanguage":"de"},{"@type":"Organization","@id":"https:\/\/guglaw.at\/#organization","name":"GUGLAW - Rechtsanwaltskanzlei","url":"https:\/\/guglaw.at\/","logo":{"@type":"ImageObject","inLanguage":"de","@id":"https:\/\/guglaw.at\/#\/schema\/logo\/image\/","url":"https:\/\/guglaw.at\/wp-content\/uploads\/2024\/01\/Header_Logo.png","contentUrl":"https:\/\/guglaw.at\/wp-content\/uploads\/2024\/01\/Header_Logo.png","width":4967,"height":1043,"caption":"GUGLAW - Rechtsanwaltskanzlei"},"image":{"@id":"https:\/\/guglaw.at\/#\/schema\/logo\/image\/"}}]}},"jetpack_sharing_enabled":true,"_links":{"self":[{"href":"https:\/\/guglaw.at\/index.php\/wp-json\/wp\/v2\/pages\/146","targetHints":{"allow":["GET"]}}],"collection":[{"href":"https:\/\/guglaw.at\/index.php\/wp-json\/wp\/v2\/pages"}],"about":[{"href":"https:\/\/guglaw.at\/index.php\/wp-json\/wp\/v2\/types\/page"}],"author":[{"embeddable":true,"href":"https:\/\/guglaw.at\/index.php\/wp-json\/wp\/v2\/users\/1"}],"replies":[{"embeddable":true,"href":"https:\/\/guglaw.at\/index.php\/wp-json\/wp\/v2\/comments?post=146"}],"version-history":[{"count":17,"href":"https:\/\/guglaw.at\/index.php\/wp-json\/wp\/v2\/pages\/146\/revisions"}],"predecessor-version":[{"id":698,"href":"https:\/\/guglaw.at\/index.php\/wp-json\/wp\/v2\/pages\/146\/revisions\/698"}],"up":[{"embeddable":true,"href":"https:\/\/guglaw.at\/index.php\/wp-json\/wp\/v2\/pages\/104"}],"wp:attachment":[{"href":"https:\/\/guglaw.at\/index.php\/wp-json\/wp\/v2\/media?parent=146"}],"curies":[{"name":"wp","href":"https:\/\/api.w.org\/{rel}","templated":true}]}}